{"id":344,"date":"2016-01-06T11:31:27","date_gmt":"2016-01-06T11:31:27","guid":{"rendered":"http:\/\/consulting.stylemixthemes.com\/?page_id=344"},"modified":"2017-03-03T09:46:47","modified_gmt":"2017-03-03T09:46:47","slug":"our-approach","status":"publish","type":"page","link":"https:\/\/azizmakina.com\/?page_id=344","title":{"rendered":"Hakk\u0131m\u0131zda"},"content":{"rendered":"<p>[vc_row css=&#8221;.vc_custom_1459506276575{margin-bottom: 100px !important;}&#8221;][vc_column width=&#8221;3\/4&#8243;]\n<div id=\"rev_slider_2_1_wrapper\" class=\"rev_slider_wrapper fullwidthbanner-container\" style=\"margin:0px auto;background-color:transparent;padding:0px;margin-top:0px;margin-bottom:0px;\">\n<!-- START REVOLUTION SLIDER 5.2.6 auto mode -->\n\t<div id=\"rev_slider_2_1\" class=\"rev_slider fullwidthabanner\" style=\"display:none;\" data-version=\"5.2.6\">\n<ul>\t<!-- SLIDE  -->\n\t<li data-index=\"rs-9\" data-transition=\"slidehorizontal\" data-slotamount=\"default\" data-hideafterloop=\"0\" data-hideslideonmobile=\"off\"  data-easein=\"default\" data-easeout=\"default\" data-masterspeed=\"default\"  data-thumb=\"https:\/\/azizmakina.com\/wp-content\/uploads\/2017\/02\/slide4-100x50.png\"  data-rotate=\"0\"  data-saveperformance=\"off\"  class=\"third_bg_color\" data-title=\"Side\" data-param1=\"\" data-param2=\"\" data-param3=\"\" data-param4=\"\" data-param5=\"\" data-param6=\"\" data-param7=\"\" data-param8=\"\" data-param9=\"\" data-param10=\"\" data-description=\"\">\n\t\t<!-- MAIN IMAGE -->\n\t\t<img src=\"https:\/\/azizmakina.com\/wp-content\/uploads\/2017\/02\/slide4.png\"  alt=\"\" title=\"slide4\"  width=\"825\" height=\"407\" data-bgposition=\"center center\" data-bgfit=\"cover\" data-bgrepeat=\"no-repeat\" class=\"rev-slidebg\" data-no-retina>\n\t\t<!-- LAYERS -->\n\t<\/li>\n\t<!-- SLIDE  -->\n\t<li data-index=\"rs-18\" data-transition=\"slidehorizontal\" data-slotamount=\"default\" data-hideafterloop=\"0\" data-hideslideonmobile=\"off\"  data-easein=\"default\" data-easeout=\"default\" data-masterspeed=\"default\"  data-thumb=\"https:\/\/azizmakina.com\/wp-content\/uploads\/2017\/02\/slide9-1-100x50.jpg\"  data-rotate=\"0\"  data-saveperformance=\"off\"  class=\"third_bg_color\" data-title=\"Side\" data-param1=\"\" data-param2=\"\" data-param3=\"\" data-param4=\"\" data-param5=\"\" data-param6=\"\" data-param7=\"\" data-param8=\"\" data-param9=\"\" data-param10=\"\" data-description=\"\">\n\t\t<!-- MAIN IMAGE -->\n\t\t<img src=\"https:\/\/azizmakina.com\/wp-content\/uploads\/2017\/02\/slide9-1.jpg\"  alt=\"\" title=\"slide9\"  width=\"825\" height=\"407\" data-bgposition=\"center center\" data-bgfit=\"cover\" data-bgrepeat=\"no-repeat\" class=\"rev-slidebg\" data-no-retina>\n\t\t<!-- LAYERS -->\n\t<\/li>\n\t<!-- SLIDE  -->\n\t<li data-index=\"rs-6\" data-transition=\"slidehorizontal\" data-slotamount=\"default\" data-hideafterloop=\"0\" data-hideslideonmobile=\"off\"  data-easein=\"default\" data-easeout=\"default\" data-masterspeed=\"default\"  data-thumb=\"https:\/\/azizmakina.com\/wp-content\/uploads\/2017\/02\/slide5-100x50.png\"  data-rotate=\"0\"  data-saveperformance=\"off\"  class=\"third_bg_color\" data-title=\"Side\" data-param1=\"\" data-param2=\"\" data-param3=\"\" data-param4=\"\" data-param5=\"\" data-param6=\"\" data-param7=\"\" data-param8=\"\" data-param9=\"\" data-param10=\"\" data-description=\"\">\n\t\t<!-- MAIN IMAGE -->\n\t\t<img src=\"https:\/\/azizmakina.com\/wp-content\/uploads\/2017\/02\/slide5.png\"  alt=\"\" title=\"slide5\"  width=\"825\" height=\"407\" data-bgposition=\"center center\" data-bgfit=\"cover\" data-bgrepeat=\"no-repeat\" class=\"rev-slidebg\" data-no-retina>\n\t\t<!-- LAYERS -->\n\t<\/li>\n\t<!-- SLIDE  -->\n\t<li data-index=\"rs-8\" data-transition=\"slidehorizontal\" data-slotamount=\"default\" data-hideafterloop=\"0\" data-hideslideonmobile=\"off\"  data-easein=\"default\" data-easeout=\"default\" data-masterspeed=\"default\"  data-thumb=\"https:\/\/azizmakina.com\/wp-content\/uploads\/2017\/02\/slide2-100x50.png\"  data-rotate=\"0\"  data-saveperformance=\"off\"  class=\"third_bg_color\" data-title=\"Side\" data-param1=\"\" data-param2=\"\" data-param3=\"\" data-param4=\"\" data-param5=\"\" data-param6=\"\" data-param7=\"\" data-param8=\"\" data-param9=\"\" data-param10=\"\" data-description=\"\">\n\t\t<!-- MAIN IMAGE -->\n\t\t<img src=\"https:\/\/azizmakina.com\/wp-content\/uploads\/2017\/02\/slide2.png\"  alt=\"\" title=\"slide2\"  width=\"825\" height=\"407\" data-bgposition=\"center center\" data-bgfit=\"cover\" data-bgrepeat=\"no-repeat\" class=\"rev-slidebg\" data-no-retina>\n\t\t<!-- LAYERS -->\n\t<\/li>\n\t<!-- SLIDE  -->\n\t<li data-index=\"rs-2\" data-transition=\"slidehorizontal\" data-slotamount=\"default\" data-hideafterloop=\"0\" data-hideslideonmobile=\"off\"  data-easein=\"default\" data-easeout=\"default\" data-masterspeed=\"default\"  data-thumb=\"https:\/\/azizmakina.com\/wp-content\/uploads\/2017\/02\/lazer-slide-100x50.png\"  data-rotate=\"0\"  data-saveperformance=\"off\"  class=\"third_bg_color\" data-title=\"Side\" data-param1=\"\" data-param2=\"\" data-param3=\"\" data-param4=\"\" data-param5=\"\" data-param6=\"\" data-param7=\"\" data-param8=\"\" data-param9=\"\" data-param10=\"\" data-description=\"\">\n\t\t<!-- MAIN IMAGE -->\n\t\t<img src=\"https:\/\/azizmakina.com\/wp-content\/uploads\/2017\/02\/lazer-slide.png\"  alt=\"\" title=\"lazer-slide\"  width=\"825\" height=\"407\" data-bgposition=\"center center\" data-bgfit=\"cover\" data-bgrepeat=\"no-repeat\" class=\"rev-slidebg\" data-no-retina>\n\t\t<!-- LAYERS -->\n\t<\/li>\n\t<!-- SLIDE  -->\n\t<li data-index=\"rs-16\" data-transition=\"slidehorizontal\" data-slotamount=\"default\" data-hideafterloop=\"0\" data-hideslideonmobile=\"off\"  data-easein=\"default\" data-easeout=\"default\" data-masterspeed=\"default\"  data-thumb=\"https:\/\/azizmakina.com\/wp-content\/uploads\/2017\/02\/slide7-1-100x50.jpg\"  data-rotate=\"0\"  data-saveperformance=\"off\"  class=\"third_bg_color\" data-title=\"Side\" data-param1=\"\" data-param2=\"\" data-param3=\"\" data-param4=\"\" data-param5=\"\" data-param6=\"\" data-param7=\"\" data-param8=\"\" data-param9=\"\" data-param10=\"\" data-description=\"\">\n\t\t<!-- MAIN IMAGE -->\n\t\t<img src=\"https:\/\/azizmakina.com\/wp-content\/uploads\/2017\/02\/slide7-1.jpg\"  alt=\"\" title=\"slide7\"  width=\"825\" height=\"407\" data-bgposition=\"center center\" data-bgfit=\"cover\" data-bgrepeat=\"no-repeat\" class=\"rev-slidebg\" data-no-retina>\n\t\t<!-- LAYERS -->\n\t<\/li>\n\t<!-- SLIDE  -->\n\t<li data-index=\"rs-15\" data-transition=\"slidehorizontal\" data-slotamount=\"default\" data-hideafterloop=\"0\" data-hideslideonmobile=\"off\"  data-easein=\"default\" data-easeout=\"default\" data-masterspeed=\"default\"  data-thumb=\"https:\/\/azizmakina.com\/wp-content\/uploads\/2017\/02\/slide6-1-100x50.jpg\"  data-rotate=\"0\"  data-saveperformance=\"off\"  class=\"third_bg_color\" data-title=\"Side\" data-param1=\"\" data-param2=\"\" data-param3=\"\" data-param4=\"\" data-param5=\"\" data-param6=\"\" data-param7=\"\" data-param8=\"\" data-param9=\"\" data-param10=\"\" data-description=\"\">\n\t\t<!-- MAIN IMAGE -->\n\t\t<img src=\"https:\/\/azizmakina.com\/wp-content\/uploads\/2017\/02\/slide6-1.jpg\"  alt=\"\" title=\"slide6\"  width=\"825\" height=\"407\" data-bgposition=\"center center\" data-bgfit=\"cover\" data-bgrepeat=\"no-repeat\" class=\"rev-slidebg\" data-no-retina>\n\t\t<!-- LAYERS -->\n\t<\/li>\n\t<!-- SLIDE  -->\n\t<li data-index=\"rs-20\" data-transition=\"slidehorizontal\" data-slotamount=\"default\" data-hideafterloop=\"0\" data-hideslideonmobile=\"off\"  data-easein=\"default\" data-easeout=\"default\" data-masterspeed=\"default\"  data-thumb=\"https:\/\/azizmakina.com\/wp-content\/uploads\/2017\/02\/slide10-1-100x50.jpg\"  data-rotate=\"0\"  data-saveperformance=\"off\"  class=\"third_bg_color\" data-title=\"Side\" data-param1=\"\" data-param2=\"\" data-param3=\"\" data-param4=\"\" data-param5=\"\" data-param6=\"\" data-param7=\"\" data-param8=\"\" data-param9=\"\" data-param10=\"\" data-description=\"\">\n\t\t<!-- MAIN IMAGE -->\n\t\t<img src=\"https:\/\/azizmakina.com\/wp-content\/uploads\/2017\/02\/slide10-1.jpg\"  alt=\"\" title=\"slide10\"  width=\"825\" height=\"407\" data-bgposition=\"center center\" data-bgfit=\"cover\" data-bgrepeat=\"no-repeat\" class=\"rev-slidebg\" data-no-retina>\n\t\t<!-- LAYERS -->\n\t<\/li>\n\t<!-- SLIDE  -->\n\t<li data-index=\"rs-19\" data-transition=\"slidehorizontal\" data-slotamount=\"default\" data-hideafterloop=\"0\" data-hideslideonmobile=\"off\"  data-easein=\"default\" data-easeout=\"default\" data-masterspeed=\"default\"  data-thumb=\"https:\/\/azizmakina.com\/wp-content\/uploads\/2017\/02\/slide8-1-100x50.jpg\"  data-rotate=\"0\"  data-saveperformance=\"off\"  class=\"third_bg_color\" data-title=\"Side\" data-param1=\"\" data-param2=\"\" data-param3=\"\" data-param4=\"\" data-param5=\"\" data-param6=\"\" data-param7=\"\" data-param8=\"\" data-param9=\"\" data-param10=\"\" data-description=\"\">\n\t\t<!-- MAIN IMAGE -->\n\t\t<img src=\"https:\/\/azizmakina.com\/wp-content\/uploads\/2017\/02\/slide8-1.jpg\"  alt=\"\" title=\"slide8\"  width=\"825\" height=\"407\" data-bgposition=\"center center\" data-bgfit=\"cover\" data-bgrepeat=\"no-repeat\" class=\"rev-slidebg\" data-no-retina>\n\t\t<!-- LAYERS -->\n\t<\/li>\n\t<!-- SLIDE  -->\n\t<li data-index=\"rs-17\" data-transition=\"slidehorizontal\" data-slotamount=\"default\" data-hideafterloop=\"0\" data-hideslideonmobile=\"off\"  data-easein=\"default\" data-easeout=\"default\" data-masterspeed=\"default\"  data-thumb=\"https:\/\/azizmakina.com\/wp-content\/uploads\/2017\/02\/slide1-100x50.png\"  data-rotate=\"0\"  data-saveperformance=\"off\"  class=\"third_bg_color\" data-title=\"Side\" data-param1=\"\" data-param2=\"\" data-param3=\"\" data-param4=\"\" data-param5=\"\" data-param6=\"\" data-param7=\"\" data-param8=\"\" data-param9=\"\" data-param10=\"\" data-description=\"\">\n\t\t<!-- MAIN IMAGE -->\n\t\t<img src=\"https:\/\/azizmakina.com\/wp-content\/uploads\/2017\/02\/slide1.png\"  alt=\"\" title=\"slide1\"  width=\"825\" height=\"407\" data-bgposition=\"center center\" data-bgfit=\"cover\" data-bgrepeat=\"no-repeat\" class=\"rev-slidebg\" data-no-retina>\n\t\t<!-- LAYERS -->\n\t<\/li>\n<\/ul>\n<script>var htmlDiv = document.getElementById(\"rs-plugin-settings-inline-css\"); var htmlDivCss=\"\";\r\n\t\t\t\t\t\tif(htmlDiv) {\r\n\t\t\t\t\t\t\thtmlDiv.innerHTML = htmlDiv.innerHTML + htmlDivCss;\r\n\t\t\t\t\t\t}else{\r\n\t\t\t\t\t\t\tvar htmlDiv = document.createElement(\"div\");\r\n\t\t\t\t\t\t\thtmlDiv.innerHTML = \"<style>\" + htmlDivCss + \"<\/style>\";\r\n\t\t\t\t\t\t\tdocument.getElementsByTagName(\"head\")[0].appendChild(htmlDiv.childNodes[0]);\r\n\t\t\t\t\t\t}\r\n\t\t\t\t\t<\/script>\n<div class=\"tp-bannertimer tp-bottom\" style=\"visibility: hidden !important;\"><\/div>\t<\/div>\n<script>var htmlDiv = document.getElementById(\"rs-plugin-settings-inline-css\"); var htmlDivCss=\"\";\r\n\t\t\t\tif(htmlDiv) {\r\n\t\t\t\t\thtmlDiv.innerHTML = htmlDiv.innerHTML + htmlDivCss;\r\n\t\t\t\t}else{\r\n\t\t\t\t\tvar htmlDiv = document.createElement(\"div\");\r\n\t\t\t\t\thtmlDiv.innerHTML = \"<style>\" + htmlDivCss + \"<\/style>\";\r\n\t\t\t\t\tdocument.getElementsByTagName(\"head\")[0].appendChild(htmlDiv.childNodes[0]);\r\n\t\t\t\t}\r\n\t\t\t<\/script>\n\t\t<script type=\"text\/javascript\">\r\n\t\t\t\t\t\t\/******************************************\r\n\t\t\t\t-\tPREPARE PLACEHOLDER FOR SLIDER\t-\r\n\t\t\t******************************************\/\r\n\r\n\t\t\tvar setREVStartSize=function(){\r\n\t\t\t\ttry{var e=new Object,i=jQuery(window).width(),t=9999,r=0,n=0,l=0,f=0,s=0,h=0;\r\n\t\t\t\t\te.c = jQuery('#rev_slider_2_1');\r\n\t\t\t\t\te.gridwidth = [825];\r\n\t\t\t\t\te.gridheight = [407];\r\n\t\t\t\t\t\t\t\r\n\t\t\t\t\te.sliderLayout = \"auto\";\r\n\t\t\t\t\tif(e.responsiveLevels&&(jQuery.each(e.responsiveLevels,function(e,f){f>i&&(t=r=f,l=e),i>f&&f>r&&(r=f,n=e)}),t>r&&(l=n)),f=e.gridheight[l]||e.gridheight[0]||e.gridheight,s=e.gridwidth[l]||e.gridwidth[0]||e.gridwidth,h=i\/s,h=h>1?1:h,f=Math.round(h*f),\"fullscreen\"==e.sliderLayout){var u=(e.c.width(),jQuery(window).height());if(void 0!=e.fullScreenOffsetContainer){var c=e.fullScreenOffsetContainer.split(\",\");if (c) jQuery.each(c,function(e,i){u=jQuery(i).length>0?u-jQuery(i).outerHeight(!0):u}),e.fullScreenOffset.split(\"%\").length>1&&void 0!=e.fullScreenOffset&&e.fullScreenOffset.length>0?u-=jQuery(window).height()*parseInt(e.fullScreenOffset,0)\/100:void 0!=e.fullScreenOffset&&e.fullScreenOffset.length>0&&(u-=parseInt(e.fullScreenOffset,0))}f=u}else void 0!=e.minHeight&&f<e.minHeight&&(f=e.minHeight);e.c.closest(\".rev_slider_wrapper\").css({height:f})\r\n\t\t\t\t\t\r\n\t\t\t\t}catch(d){console.log(\"Failure at Presize of Slider:\"+d)}\r\n\t\t\t};\r\n\t\t\t\r\n\t\t\tsetREVStartSize();\r\n\t\t\t\r\n\t\t\t\t\t\tvar tpj=jQuery;\r\n\t\t\t\r\n\t\t\tvar revapi2;\r\n\t\t\ttpj(document).ready(function() {\n\t\t\t\tif(tpj(\"#rev_slider_2_1\").revolution == undefined){\n\t\t\t\t\trevslider_showDoubleJqueryError(\"#rev_slider_2_1\");\n\t\t\t\t}else{\n\t\t\t\t\trevapi2 = tpj(\"#rev_slider_2_1\").show().revolution({\n\t\t\t\t\t\tsliderType:\"carousel\",\njsFileLocation:\"\/\/azizmakina.com\/wp-content\/plugins\/revslider\/public\/assets\/js\/\",\n\t\t\t\t\t\tsliderLayout:\"auto\",\n\t\t\t\t\t\tdottedOverlay:\"none\",\n\t\t\t\t\t\tdelay:9000,\n\t\t\t\t\t\tnavigation: {\n\t\t\t\t\t\t\tkeyboardNavigation:\"off\",\n\t\t\t\t\t\t\tkeyboard_direction: \"horizontal\",\n\t\t\t\t\t\t\tmouseScrollNavigation:\"off\",\n \t\t\t\t\t\t\tmouseScrollReverse:\"default\",\n\t\t\t\t\t\t\tonHoverStop:\"off\",\n\t\t\t\t\t\t\tarrows: {\n\t\t\t\t\t\t\t\tstyle:\"gyges\",\n\t\t\t\t\t\t\t\tenable:true,\n\t\t\t\t\t\t\t\thide_onmobile:false,\n\t\t\t\t\t\t\t\thide_onleave:false,\n\t\t\t\t\t\t\t\ttmp:'',\n\t\t\t\t\t\t\t\tleft: {\n\t\t\t\t\t\t\t\t\th_align:\"left\",\n\t\t\t\t\t\t\t\t\tv_align:\"center\",\n\t\t\t\t\t\t\t\t\th_offset:20,\n\t\t\t\t\t\t\t\t\tv_offset:0\n\t\t\t\t\t\t\t\t},\n\t\t\t\t\t\t\t\tright: {\n\t\t\t\t\t\t\t\t\th_align:\"right\",\n\t\t\t\t\t\t\t\t\tv_align:\"center\",\n\t\t\t\t\t\t\t\t\th_offset:20,\n\t\t\t\t\t\t\t\t\tv_offset:0\n\t\t\t\t\t\t\t\t}\n\t\t\t\t\t\t\t}\n\t\t\t\t\t\t\t,\n\t\t\t\t\t\t\tbullets: {\n\t\t\t\t\t\t\t\tenable:true,\n\t\t\t\t\t\t\t\thide_onmobile:false,\n\t\t\t\t\t\t\t\tstyle:\"\",\n\t\t\t\t\t\t\t\thide_onleave:false,\n\t\t\t\t\t\t\t\tdirection:\"horizontal\",\n\t\t\t\t\t\t\t\th_align:\"center\",\n\t\t\t\t\t\t\t\tv_align:\"bottom\",\n\t\t\t\t\t\t\t\th_offset:0,\n\t\t\t\t\t\t\t\tv_offset:40,\n\t\t\t\t\t\t\t\tspace:20,\n\t\t\t\t\t\t\t\ttmp:'<span class=\"tp-bullet-image\"><\/span><span class=\"tp-bullet-title\"><\/span>'\n\t\t\t\t\t\t\t}\n\t\t\t\t\t\t},\n\t\t\t\t\t\tcarousel: {\n\t\t\t\t\t\t\thorizontal_align: \"center\",\n\t\t\t\t\t\t\tvertical_align: \"center\",\n\t\t\t\t\t\t\tfadeout: \"on\",\n\t\t\t\t\t\t\tvary_fade: \"off\",\n\t\t\t\t\t\t\tmaxVisibleItems: 3,\n\t\t\t\t\t\t\tinfinity: \"off\",\n\t\t\t\t\t\t\tspace: 0,\n\t\t\t\t\t\t\tstretch: \"off\"\n\t\t\t\t\t\t},\n\t\t\t\t\t\tvisibilityLevels:[1240,1024,778,480],\n\t\t\t\t\t\tgridwidth:825,\n\t\t\t\t\t\tgridheight:407,\n\t\t\t\t\t\tlazyType:\"none\",\n\t\t\t\t\t\tshadow:0,\n\t\t\t\t\t\tspinner:\"spinner0\",\n\t\t\t\t\t\tstopLoop:\"off\",\n\t\t\t\t\t\tstopAfterLoops:-1,\n\t\t\t\t\t\tstopAtSlide:-1,\n\t\t\t\t\t\tshuffle:\"off\",\n\t\t\t\t\t\tautoHeight:\"off\",\n\t\t\t\t\t\tdisableProgressBar:\"on\",\n\t\t\t\t\t\thideThumbsOnMobile:\"off\",\n\t\t\t\t\t\thideSliderAtLimit:0,\n\t\t\t\t\t\thideCaptionAtLimit:0,\n\t\t\t\t\t\thideAllCaptionAtLilmit:0,\n\t\t\t\t\t\tdebugMode:false,\n\t\t\t\t\t\tfallbacks: {\n\t\t\t\t\t\t\tsimplifyAll:\"off\",\n\t\t\t\t\t\t\tnextSlideOnWindowFocus:\"off\",\n\t\t\t\t\t\t\tdisableFocusListener:false,\n\t\t\t\t\t\t}\n\t\t\t\t\t});\n\t\t\t\t}\n\t\t\t});\t\/*ready*\/\n\t\t<\/script>\r\n\t\t<\/div><!-- END REVOLUTION SLIDER -->[vc_column_text css=&#8221;.vc_custom_1487423549069{margin-top: 45px !important;}&#8221;]<\/p>\n<h2>Hakk\u0131m\u0131zda<\/h2>\n<p style=\"text-align: justify;\">Firmam\u0131z 2000 y\u0131l\u0131nda organize sanayi b\u00f6lgesinde tala\u015fl\u0131 imalat ile \u00f6zel ama\u00e7l\u0131 makine par\u00e7alar\u0131 \u00fcretimi yaparak sekt\u00f6re giri\u015f yapm\u0131\u015ft\u0131r. 2003 y\u0131l\u0131 ba\u015flar\u0131nda otomotiv sekt\u00f6r\u00fcnde par\u00e7a \u00fcretimine ba\u015flam\u0131\u015ft\u0131r. Sonraki d\u00f6nemlerde i\u015f makinas\u0131 par\u00e7alar\u0131, trakt\u00f6r par\u00e7alar\u0131 ve savunma sanayii alanlar\u0131nada hizmet vermeye ba\u015flam\u0131\u015ft\u0131r ve hala t\u00fcm bu alanlarda hizmet vermeye devam etmektedir. Firmam\u0131z sekt\u00f6r\u00fcn teknolojik geli\u015fmelerini yak\u0131ndan takip ederek son teknoloji ekipmanlar ile yenilik\u00e7i ve kaliteli \u00fcretim yapmaktad\u0131r.<\/p>\n<p style=\"text-align: justify;\">Aziz Makine m\u00fc\u015fteri memnuniyetini en \u00f6nemli \u00e7al\u0131\u015fma prensibi haline getirerek sekt\u00f6rdeki fark\u0131n\u0131 g\u00f6stermektedir. Yenilikleri s\u00fcrekli takip ederek b\u00fcnyesindeki gerekli iyile\u015ftirme faaliyetlerini planl\u0131 ve d\u00fczenli bir \u015fekilde yapmaktad\u0131r.<\/p>\n<p>[\/vc_column_text][vc_column_text css=&#8221;.vc_custom_1487423649337{margin-top: 45px !important;}&#8221;]<\/p>\n<h2>Firma Yap\u0131m\u0131z<\/h2>\n<p style=\"text-align: justify;\">Firmam\u0131z \u0130vedik Organize Sanayi B\u00f6lgesi\u2019nde 1000m\u00b2 kapal\u0131, 500m\u00b2 a\u00e7\u0131k alan \u00fczerine kuruludur.<\/p>\n<p style=\"text-align: justify;\">Tala\u015fl\u0131 \u0130malat B\u00f6l\u00fcm\u00fc, Lazer Kesim B\u00f6l\u00fcm\u00fc ,B\u00fck\u00fcm B\u00f6l\u00fcm\u00fc, Kaynak ve Montaj b\u00f6l\u00fcmleri ile sizlere\u00a0hizmet vermekteyiz.<\/p>\n<p>[\/vc_column_text][vc_column_text css=&#8221;.vc_custom_1488538161856{margin-top: 45px !important;}&#8221;]<\/p>\n<h2>Vizyonumuz<\/h2>\n<p style=\"text-align: justify;\">Sekt\u00f6rde lider, m\u00fc\u015fteri memnuniyetini prensip edinen firmam\u0131z otomotiv yedek par\u00e7a, savunma sanayi, \u00f6zel ama\u00e7l\u0131 makine tasar\u0131m ve imalat\u0131, kal\u0131p tasar\u0131m\u0131 ve \u00fcretiminde sekt\u00f6r\u00fcn g\u00fcvenilir firmalar\u0131n ba\u015f\u0131nda gelmektedir.<\/p>\n<p>[\/vc_column_text][vc_column_text css=&#8221;.vc_custom_1488183184599{margin-top: 45px !important;}&#8221;]<\/p>\n<h2>Misyonumuz<\/h2>\n<p style=\"text-align: justify;\">Kaliteli hizmet vererek m\u00fc\u015fteri\u00a0memnuniyetini maksimum d\u00fczeye \u00e7\u0131karmak, m\u00fc\u015fterilerimizin zaman\u0131na ve haklar\u0131na sayg\u0131 duymak, \u00e7al\u0131\u015fanlar\u0131m\u0131z\u0131n tatmini ve moral de\u011ferlerini artt\u0131rmak, insanl\u0131\u011fa, \u00e7evreye ve evrensel de\u011ferlere olan sorumluluklar\u0131m\u0131z\u0131\u00a0yerine getirmek.<\/p>\n<p>[\/vc_column_text][vc_column_text css=&#8221;.vc_custom_1487149282092{margin-top: 45px !important;}&#8221;]<\/p>\n<h2>Makina Park\u0131<\/h2>\n<p style=\"text-align: justify;\">Tesisimizde;<br \/>\n\u2022 25mm kal\u0131nl\u0131\u011f\u0131nda Siyah Sac Plakas\u0131, 15mm kal\u0131nl\u0131\u011f\u0131nda paslanmaz ve 12mm kal\u0131nl\u0131\u011f\u0131nda Al\u00fcminyum Plaka kesebilme \u00f6zelli\u011fine sahip 3000x1500mm b\u00fcy\u00fckl\u00fc\u011f\u00fcnde CNC Lazer Kesim Makinas\u0131,<br \/>\n\u2022 220 ton kapasiteli 3000mm boyunda sac b\u00fckebilme \u00f6zelli\u011fine sahip 6 eksen CNC Abkant B\u00fck\u00fcm Makinas\u0131,<br \/>\n\u2022 200 ton kapasiteli Hidrolik Pres,<br \/>\n\u2022 10 ton kapasiteli Eksantrik Pres Makinas\u0131,<br \/>\n\u2022 C Eksen CNC Torna Makinas\u0131,<br \/>\n\u2022 CNC Torna Makinalar\u0131,<br \/>\n\u2022 CNC Diki\u015fleme Makinalar\u0131,<br \/>\n\u2022 Freze Makinalar\u0131,<br \/>\n\u2022 Universal Torna Makinalar\u0131,<br \/>\n\u2022 Argon Kaynak Makinalar\u0131<br \/>\n\u2022 Gazalt\u0131 Kaynak Makinalar\u0131,<br \/>\n\u2022 Ta\u015f\u0131nabilir Kaynak Makinalar\u0131,<br \/>\n\u2022 \u00c7apak Alma Makinalar\u0131,<br \/>\n\u2022 Klavuz \u00c7ekme Makinalar\u0131,<br \/>\n\u2022 Matkaplar\u00a0ve \u00e7e\u015fitli teknik ekipmanlar<\/p>\n<p>[\/vc_column_text][\/vc_column][vc_column width=&#8221;1\/4&#8243;][stm_sidebar sidebar=&#8221;311&#8243;][\/vc_column][\/vc_row]<\/p>\n","protected":false},"excerpt":{"rendered":"<p>[vc_row css=&#8221;.vc_custom_1459506276575{margin-bottom: 100px !important;}&#8221;][vc_column width=&#8221;3\/4&#8243;][vc_column_text css=&#8221;.vc_custom_1487423549069{margin-top: 45px !important;}&#8221;] Hakk\u0131m\u0131zda Firmam\u0131z 2000 y\u0131l\u0131nda organize sanayi b\u00f6lgesinde tala\u015fl\u0131 imalat ile \u00f6zel ama\u00e7l\u0131 makine par\u00e7alar\u0131 \u00fcretimi yaparak sekt\u00f6re giri\u015f yapm\u0131\u015ft\u0131r. 2003 y\u0131l\u0131 ba\u015flar\u0131nda otomotiv sekt\u00f6r\u00fcnde par\u00e7a \u00fcretimine ba\u015flam\u0131\u015ft\u0131r. Sonraki d\u00f6nemlerde i\u015f makinas\u0131 par\u00e7alar\u0131, trakt\u00f6r par\u00e7alar\u0131 ve savunma sanayii alanlar\u0131nada hizmet vermeye ba\u015flam\u0131\u015ft\u0131r ve hala t\u00fcm bu alanlarda hizmet<\/p>\n","protected":false},"author":1,"featured_media":0,"parent":0,"menu_order":0,"comment_status":"closed","ping_status":"closed","template":"","meta":[],"_links":{"self":[{"href":"https:\/\/azizmakina.com\/index.php?rest_route=\/wp\/v2\/pages\/344"}],"collection":[{"href":"https:\/\/azizmakina.com\/index.php?rest_route=\/wp\/v2\/pages"}],"about":[{"href":"https:\/\/azizmakina.com\/index.php?rest_route=\/wp\/v2\/types\/page"}],"author":[{"embeddable":true,"href":"https:\/\/azizmakina.com\/index.php?rest_route=\/wp\/v2\/users\/1"}],"replies":[{"embeddable":true,"href":"https:\/\/azizmakina.com\/index.php?rest_route=%2Fwp%2Fv2%2Fcomments&post=344"}],"version-history":[{"count":10,"href":"https:\/\/azizmakina.com\/index.php?rest_route=\/wp\/v2\/pages\/344\/revisions"}],"predecessor-version":[{"id":1774,"href":"https:\/\/azizmakina.com\/index.php?rest_route=\/wp\/v2\/pages\/344\/revisions\/1774"}],"wp:attachment":[{"href":"https:\/\/azizmakina.com\/index.php?rest_route=%2Fwp%2Fv2%2Fmedia&parent=344"}],"curies":[{"name":"wp","href":"https:\/\/api.w.org\/{rel}","templated":true}]}}