{"id":1713,"date":"2017-02-16T10:56:33","date_gmt":"2017-02-16T10:56:33","guid":{"rendered":"http:\/\/aogweb.com\/demo\/?page_id=1713"},"modified":"2017-02-27T07:39:05","modified_gmt":"2017-02-27T07:39:05","slug":"urunlerimiz-2","status":"publish","type":"page","link":"https:\/\/azizmakina.com\/?page_id=1713","title":{"rendered":"\u00dcr\u00fcnlerimiz"},"content":{"rendered":"<p>[vc_row][vc_column][vc_tta_tabs active_section=&#8221;1&#8243; el_class=&#8221;theme_style&#8221; css=&#8221;.vc_custom_1487247621964{background-color: #e5e5e5 !important;}&#8221;][vc_tta_section title=&#8221;Lazer Kesim\/B\u00fck\u00fcm&#8221; tab_id=&#8221;1487247035937-23d980df-5fe1&#8243;][vc_media_grid element_width=&#8221;2&#8243; grid_id=&#8221;vc_gid:1488184811682-c0c71881-4fcc-5&#8243; include=&#8221;1567,1559,1560,1563,1562,1554,1555,1558,1553,1551,1543,1538,1535,1540,1571,1569&#8243;][\/vc_tta_section][vc_tta_section title=&#8221;Tala\u015fl\u0131 \u0130malat&#8221; tab_id=&#8221;1487247035973-918309f8-eefb&#8221;][vc_media_grid element_width=&#8221;2&#8243; grid_id=&#8221;vc_gid:1488184811684-21aa5bd1-9722-6&#8243; include=&#8221;1566,1572,1564,1561,1556,1557,1549,1547,1544,1537,1539,1552&#8243;][\/vc_tta_section][vc_tta_section title=&#8221;Kaynakl\u0131 Birle\u015fim&#8221; tab_id=&#8221;1487247586681-67e4b468-ea1e&#8221;][vc_media_grid element_width=&#8221;2&#8243; grid_id=&#8221;vc_gid:1488184811685-9cdd37d9-9dd2-8&#8243; include=&#8221;1572,1566,1561,1550,1542,1544,1547&#8243;][\/vc_tta_section][vc_tta_section title=&#8221;CNC Torna \/ CNS Dik \u0130\u015fleme&#8221; tab_id=&#8221;1487247290532-bc682677-12b0&#8243;][vc_media_grid element_width=&#8221;2&#8243; grid_id=&#8221;vc_gid:1488184811685-be1a7ba7-dbd0-0&#8243; include=&#8221;1572,1566,1557,1556,1564,1550,1549,1544,1536,1539,1546,1538,1540,1547,1537&#8243;][\/vc_tta_section][vc_tta_section title=&#8221;Montaj \u00dcr\u00fcnleri&#8221; tab_id=&#8221;1487247326860-28d82881-d9eb&#8221;][vc_media_grid element_width=&#8221;2&#8243; grid_id=&#8221;vc_gid:1488184811686-a1867407-cee1-7&#8243; include=&#8221;1538,1560,1559,1553,1554,1543,1535,1567,1569,1571,1563,1555,1558&#8243;][\/vc_tta_section][\/vc_tta_tabs][\/vc_column][\/vc_row]<\/p>\n","protected":false},"excerpt":{"rendered":"<p>[vc_row][vc_column][vc_tta_tabs active_section=&#8221;1&#8243; el_class=&#8221;theme_style&#8221; css=&#8221;.vc_custom_1487247621964{background-color: #e5e5e5 !important;}&#8221;][vc_tta_section title=&#8221;Lazer Kesim\/B\u00fck\u00fcm&#8221; tab_id=&#8221;1487247035937-23d980df-5fe1&#8243;][vc_media_grid element_width=&#8221;2&#8243; grid_id=&#8221;vc_gid:1488184811682-c0c71881-4fcc-5&#8243; include=&#8221;1567,1559,1560,1563,1562,1554,1555,1558,1553,1551,1543,1538,1535,1540,1571,1569&#8243;][\/vc_tta_section][vc_tta_section title=&#8221;Tala\u015fl\u0131 \u0130malat&#8221; tab_id=&#8221;1487247035973-918309f8-eefb&#8221;][vc_media_grid element_width=&#8221;2&#8243; grid_id=&#8221;vc_gid:1488184811684-21aa5bd1-9722-6&#8243; include=&#8221;1566,1572,1564,1561,1556,1557,1549,1547,1544,1537,1539,1552&#8243;][\/vc_tta_section][vc_tta_section title=&#8221;Kaynakl\u0131 Birle\u015fim&#8221; tab_id=&#8221;1487247586681-67e4b468-ea1e&#8221;][vc_media_grid element_width=&#8221;2&#8243; grid_id=&#8221;vc_gid:1488184811685-9cdd37d9-9dd2-8&#8243; include=&#8221;1572,1566,1561,1550,1542,1544,1547&#8243;][\/vc_tta_section][vc_tta_section title=&#8221;CNC Torna \/ CNS Dik \u0130\u015fleme&#8221; tab_id=&#8221;1487247290532-bc682677-12b0&#8243;][vc_media_grid element_width=&#8221;2&#8243; grid_id=&#8221;vc_gid:1488184811685-be1a7ba7-dbd0-0&#8243; include=&#8221;1572,1566,1557,1556,1564,1550,1549,1544,1536,1539,1546,1538,1540,1547,1537&#8243;][\/vc_tta_section][vc_tta_section title=&#8221;Montaj \u00dcr\u00fcnleri&#8221; tab_id=&#8221;1487247326860-28d82881-d9eb&#8221;][vc_media_grid element_width=&#8221;2&#8243; grid_id=&#8221;vc_gid:1488184811686-a1867407-cee1-7&#8243; include=&#8221;1538,1560,1559,1553,1554,1543,1535,1567,1569,1571,1563,1555,1558&#8243;][\/vc_tta_section][\/vc_tta_tabs][\/vc_column][\/vc_row]<\/p>\n","protected":false},"author":1,"featured_media":0,"parent":0,"menu_order":0,"comment_status":"closed","ping_status":"closed","template":"","meta":[],"_links":{"self":[{"href":"https:\/\/azizmakina.com\/index.php?rest_route=\/wp\/v2\/pages\/1713"}],"collection":[{"href":"https:\/\/azizmakina.com\/index.php?rest_route=\/wp\/v2\/pages"}],"about":[{"href":"https:\/\/azizmakina.com\/index.php?rest_route=\/wp\/v2\/types\/page"}],"author":[{"embeddable":true,"href":"https:\/\/azizmakina.com\/index.php?rest_route=\/wp\/v2\/users\/1"}],"replies":[{"embeddable":true,"href":"https:\/\/azizmakina.com\/index.php?rest_route=%2Fwp%2Fv2%2Fcomments&post=1713"}],"version-history":[{"count":14,"href":"https:\/\/azizmakina.com\/index.php?rest_route=\/wp\/v2\/pages\/1713\/revisions"}],"predecessor-version":[{"id":1750,"href":"https:\/\/azizmakina.com\/index.php?rest_route=\/wp\/v2\/pages\/1713\/revisions\/1750"}],"wp:attachment":[{"href":"https:\/\/azizmakina.com\/index.php?rest_route=%2Fwp%2Fv2%2Fmedia&parent=1713"}],"curies":[{"name":"wp","href":"https:\/\/api.w.org\/{rel}","templated":true}]}}