{"id":1077,"date":"2016-02-24T12:01:08","date_gmt":"2016-02-24T12:01:08","guid":{"rendered":"http:\/\/consulting.stylemixthemes.com\/?page_id=1074"},"modified":"2017-02-27T07:28:46","modified_gmt":"2017-02-27T07:28:46","slug":"layout-2","status":"publish","type":"page","link":"https:\/\/azizmakina.com\/?page_id=1077","title":{"rendered":"Referanslar\u0131m\u0131z"},"content":{"rendered":"<p>[vc_row css=&#8221;.vc_custom_1459404415716{margin-bottom: 40px !important;}&#8221;][vc_column][vc_masonry_media_grid element_width=&#8221;2&#8243; grid_id=&#8221;vc_gid:1488184216671-0e814c96-aab7-10&#8243; include=&#8221;1507,1502,1505,1514,1501,1515,1513,1512,1511,1510,1508,1506,1504,1503,1735&#8243;][\/vc_column][\/vc_row][vc_row full_width=&#8221;stretch_row&#8221; css=&#8221;.vc_custom_1487149320746{margin-bottom: -60px !important;background-color: #2a2a2a !important;}&#8221; el_class=&#8221;third_bg_color&#8221;][vc_column][vc_cta h2=&#8221;\u00dcr\u00fcnlerimizi daha detayl\u0131 incelemek ister misiniz ?&#8221; h2_font_container=&#8221;font_size:20px|color:%23ffffff|line_height:24px&#8221; h2_use_theme_fonts=&#8221;yes&#8221; shape=&#8221;square&#8221; style=&#8221;flat&#8221; color=&#8221;black&#8221; add_button=&#8221;right&#8221; btn_title=&#8221;\u00dcR\u00dcNLER\u0130M\u0130Z&#8221; btn_style=&#8221;flat&#8221; btn_color=&#8221;theme_style_2&#8243; btn_align=&#8221;right&#8221; btn_i_align=&#8221;right&#8221; btn_i_icon_fontawesome=&#8221;fa fa-chevron-right&#8221; use_custom_fonts_h2=&#8221;true&#8221; btn_link=&#8221;url:%23||&#8221; btn_add_icon=&#8221;true&#8221; el_class=&#8221;third_bg_color&#8221; css=&#8221;.vc_custom_1487149312844{margin-bottom: 0px !important;}&#8221; btn_button_block=&#8221;true&#8221;][\/vc_cta][\/vc_column][\/vc_row]<\/p>\n","protected":false},"excerpt":{"rendered":"<p>[vc_row css=&#8221;.vc_custom_1459404415716{margin-bottom: 40px !important;}&#8221;][vc_column][vc_masonry_media_grid element_width=&#8221;2&#8243; grid_id=&#8221;vc_gid:1488184216671-0e814c96-aab7-10&#8243; include=&#8221;1507,1502,1505,1514,1501,1515,1513,1512,1511,1510,1508,1506,1504,1503,1735&#8243;][\/vc_column][\/vc_row][vc_row full_width=&#8221;stretch_row&#8221; css=&#8221;.vc_custom_1487149320746{margin-bottom: -60px !important;background-color: #2a2a2a !important;}&#8221; el_class=&#8221;third_bg_color&#8221;][vc_column][vc_cta h2=&#8221;\u00dcr\u00fcnlerimizi daha detayl\u0131 incelemek ister misiniz ?&#8221; h2_font_container=&#8221;font_size:20px|color:%23ffffff|line_height:24px&#8221; h2_use_theme_fonts=&#8221;yes&#8221; shape=&#8221;square&#8221; style=&#8221;flat&#8221; color=&#8221;black&#8221; add_button=&#8221;right&#8221; btn_title=&#8221;\u00dcR\u00dcNLER\u0130M\u0130Z&#8221; btn_style=&#8221;flat&#8221; btn_color=&#8221;theme_style_2&#8243; btn_align=&#8221;right&#8221; btn_i_align=&#8221;right&#8221; btn_i_icon_fontawesome=&#8221;fa fa-chevron-right&#8221; use_custom_fonts_h2=&#8221;true&#8221; btn_link=&#8221;url:%23||&#8221; btn_add_icon=&#8221;true&#8221; el_class=&#8221;third_bg_color&#8221; css=&#8221;.vc_custom_1487149312844{margin-bottom: 0px !important;}&#8221; btn_button_block=&#8221;true&#8221;][\/vc_cta][\/vc_column][\/vc_row]<\/p>\n","protected":false},"author":1,"featured_media":0,"parent":0,"menu_order":0,"comment_status":"closed","ping_status":"closed","template":"","meta":[],"_links":{"self":[{"href":"https:\/\/azizmakina.com\/index.php?rest_route=\/wp\/v2\/pages\/1077"}],"collection":[{"href":"https:\/\/azizmakina.com\/index.php?rest_route=\/wp\/v2\/pages"}],"about":[{"href":"https:\/\/azizmakina.com\/index.php?rest_route=\/wp\/v2\/types\/page"}],"author":[{"embeddable":true,"href":"https:\/\/azizmakina.com\/index.php?rest_route=\/wp\/v2\/users\/1"}],"replies":[{"embeddable":true,"href":"https:\/\/azizmakina.com\/index.php?rest_route=%2Fwp%2Fv2%2Fcomments&post=1077"}],"version-history":[{"count":8,"href":"https:\/\/azizmakina.com\/index.php?rest_route=\/wp\/v2\/pages\/1077\/revisions"}],"predecessor-version":[{"id":1747,"href":"https:\/\/azizmakina.com\/index.php?rest_route=\/wp\/v2\/pages\/1077\/revisions\/1747"}],"wp:attachment":[{"href":"https:\/\/azizmakina.com\/index.php?rest_route=%2Fwp%2Fv2%2Fmedia&parent=1077"}],"curies":[{"name":"wp","href":"https:\/\/api.w.org\/{rel}","templated":true}]}}